prime factors of w?
23
Let n be 6/(-8) - (-21)/12. Suppose u - 3*k - 2 = n, 15 = u + k. What are the prime factors of u?
2, 3
List the prime factors of (-7931)/(-91) - 6/39.
3, 29
Let q(o) = o**3 - o**2 - 2*o + 1. Let u be q(2). List the prime factors of u + 4 + (-5 - -2).
2
Let u = -6 - -3. Let p(r) = -r**3 + 6*r**2 - 3*r - 6. Let v be p(5). List the prime factors of v + u - 24/(-3).
3
Let x(t) = t**3 + 12*t**2 - 10*t + 32. Let j be x(-13). Let z be 1 + 16/2 + -1. Let f = z - j. List the prime factors of f.
3, 5
Suppose 4*r - 3*r = 20. What are the prime factors of r?
2, 5
Suppose 4 = 3*o + 5*n, -71 + 11 = -5*o + 5*n. Suppose 2*l - 4*d + 14 = -2*d, 2*d = o. List the prime factors of l/(39/24 + -2).
2
Suppose 33*t - 195 = 30*t. List the prime factors of t.
5, 13
Let f be (3/4)/((-2)/(-24)). Let u(g) = g**3 - 10*g**2 + 8*g + 12. List the prime factors of u(f).
3
Let n(s) = s**2 - 8*s + 9. Let a be n(7). Let d(x) = -x**3 + 2*x**2 + 2*x - 1. Let c be d(a). Suppose -5 - 1 = -c*b. List the prime factors of b.
2
Suppose 9 = v - 25. List the prime factors of v.
2, 17
Suppose 0 = 5*z + 393 - 1168. List the prime factors of z.
5, 31
Suppose -5*b = -b - 312. Suppose 0 = 5*z - 4*f + 195, -f - b = 2*z - 4*f. Let n = -22 - z. What are the prime factors of n?
17
Suppose 0 = -4*k + 3*y + 24, 3*k = k - 2*y - 2. Let p be 6*5/40 - (-6)/(-8). Suppose k*x + j - 28 = 0, 4 = -p*j + 4*j. List the prime factors of x.
3
Let r be (-1)/4 + 81/36. Let i be 0/(2 + r + -5). Suppose 3*x = x + 10, -3*m - x + 14 = i. List the prime factors of m.
3
Let v(a) = 2*a + 3 + 6 - 2. Let s be v(6). Let f = -7 + s. What are the prime factors of f?
2, 3
Suppose 0 = -y - b, 0*b = -2*y - b + 4. Let u = -6 - -10. Suppose -2*v = 2*n + y, 0*n - 14 = n + u*v. List the prime factors of n.
2
Let c(t) = -t**3 - t**2 - 43. Let s be c(0). Let r = s - -69. List the prime factors of r.
2, 13
Let g be (-7 - -1)/2 - -10. Let k = 31 - g. What are the prime factors of k?
2, 3
Suppose x - 4*k - 13 = -1, -2*x + 24 = -5*k. Suppose -m = -1 - x. Suppose -3*w = 5*n - m, -4*w + 2*n = 3*n - 23. List the prime factors of w.
2, 3
Suppose 8 = 2*l, -3*h - 2*l = -l - 13. Suppose j + 2*j = -3*u - h, -6 = -4*u + j. Let g(m) = 5*m**2 - m. What are the prime factors of g(u)?
2
Let b be -2*(-2)/2 + 0. Suppose 3*m - 25 = -2*l, -3*l + b*m + 2*m - 5 = 0. Suppose 18 = l*v - 22. What are the prime factors of v?
2
Let k = 18 - -22. List the prime factors of k.
2, 5
Suppose 4*s - 497 = -3*x, 2*x + x - 501 = -3*s. List the prime factors of x.
3, 19
Let i = -9 + 49. Suppose 0 = 5*r + 2*s - 0*s - 85, 4*r - 4*s = i. What are the prime factors of r?
3, 5
Let k(w) = -2*w**3 + 10*w**2 + 3*w + 3. Let v(z) = -5*z**3 + 29*z**2 + 9*z + 9. Let d(a) = 8*k(a) - 3*v(a). What are the prime factors of d(-7)?
2, 3
Suppose 8*i = 2*i + 180. Suppose -78 = -5*w + u, -3*w + u + i = 6*u. List the prime factors of w.
3, 5
Suppose 2*f = 6 + 6. Suppose 3*g = -2*g + 10. Suppose f = b + g*b. What are the prime factors of b?
2
Let r(v) be the first derivative of -v**2 + 2*v - 6. List the prime factors of r(-2).
2, 3
List the prime factors of (32/(-40))/(6/(-45)).
2, 3
Let i(v) = v**3 + 9*v**2 + 8*v + 6. Let d be i(-9). Let z be 2 - (d - (-1 + 2)). What are the prime factors of z/4 + (-4)/16?
17
List the prime factors of (2*2/(-16))/((-3)/852).
71
Let r be 1/(-3) + 16/3. Let b be 1 + (-1 + -3)/(-4). List the prime factors of (1 - b - 0) + r.
2
Let a = 7 + -14. Let x = -11 - a. Let c = 10 + x. What are the prime factors of c?
2, 3
Let k(m) = m. Let i be k(-2). Let o(a) = 2*a + 1. Let h be o(i). What are the prime factors of (-17)/h + (-1)/(-3)?
2, 3
Suppose -a - d + 63 = 0, 4*a - d + 4*d = 253. List the prime factors of a.
2
Suppose -m - v = 0, -v = -2*m - 9 + 24. Suppose 0 = -m*c + c. Let t = c + 2. List the prime factors of t.
2
Let d(k) = k**3 - 1 - 2*k**3 + 25 + k**2. List the prime factors of d(0).
2, 3
Suppose 5*p - 82 = 3*p. List the prime factors of p.
41
Let r be -3*(13/(-3) - -1). Suppose -u + r = u. List the prime factors of u.
5
List the prime factors of 3/((-5)/((-2000)/15)).
2, 5
Let x(q) = -3*q**2 - 3*q - 3. Let a be x(-2). Let b(f) = f**3 + 8*f**2 - 11*f + 5. List the prime factors of b(a).
23
Let p(r) = 1. Let n(d) = 1. Let x(h) = 7*n(h) - 6*p(h). Let l(z) = -z**3 - 4*z**2 + 4*z + 3. Let s(t) = l(t) + 4*x(t). List the prime factors of s(-5).
2, 3
Suppose 3 = -p, -5*b + 51 = -3*b - 5*p. Suppose -5*y + 10 = 0, 5*j = j - 3*y + b. Let o(q) = q**3 - 2*q**2 - 2*q + 2. List the prime factors of o(j).
5
Suppose -2*p + p = -52. What are the prime factors of p?
2, 13
Let l(t) = t + 4. Suppose 0 = k + 4*k + 20. Let v be l(k). Suppose -5*p + 6 + 9 = v. List the prime factors of p.
3
Let t = 11 - 10. Suppose -4*i + 3*a + 51 = 0, i + a = 3 + t. List the prime factors of i.
3
Let h = 210 - 85. List the prime factors of h.
5
Let f(a) = 20*a - 1. List the prime factors of f(1).
19
Let j = 2 - -28. Suppose x + j = 6*x. What are the prime factors of x?
2, 3
Let w be 20/(-8)*(-2 + 0). Suppose 301 = 3*q - 4*r, w*q + 5*r - 258 = 197. What are the prime factors of (-2)/6 - q/(-15)?
2, 3
Let m be -5*(0 + 8/10). Let c be 1/m + 12/(-16). What are the prime factors of (c - 4/(-6))*-15?
5
Let n(l) = l**3 + 6*l**2 - 6*l - 2. Let v be n(-5). Suppose -v = -2*p + 3*d, 3*d + 86 = 4*p + d. What are the prime factors of p?
19
Let j = -1 + 4. Suppose -t - 2*i = -j, t = -3*t + 3*i - 32. Let g = t + 10. What are the prime factors of g?
5
Let z(l) = l**3 + 10*l**2 - 6*l - 13. List the prime factors of z(-10).
47
Let a = 5 - 0. Suppose a*g = -21 + 76. What are the prime factors of g?
11
Suppose -b - 1 = -2. Let c(v) = -5*v**3. Let r be c(b). List the prime factors of r/(2/4 + -1).
2, 5
Let f(q) = q**2 - 6*q - 5. Let s be f(7). Suppose 1 + s = -3*l. Let u(o) = 2*o**2 + 1. What are the prime factors of u(l)?
3
Suppose -2*r = -5*r - 135. Let y = r + 70. List the prime factors of y.
5
Suppose 13*p - 10*p = 207. List the prime factors of p.
3, 23
Let h(s) = 92*s**2. What are the prime factors of h(1)?
2, 23
Suppose -241 - 87 = -8*j. List the prime factors of j.
41
Let p = 120 + -75. List the prime factors of p.
3, 5
Let d = 11 - 7. Suppose -d*b - b + 25 = 0, b = 4*i - 7. Suppose i = -f + 10. List the prime factors of f.
7
What are the prime factors of (-9814)/(-84) - 2/(-12)?
3, 13
Let f(o) = o**2 - 3*o + 4. Let b be f(3). Suppose -4*c = 2*u + 54, 0 = -2*c - 2*u + b*u - 18. List the prime factors of (8/c)/((-2)/33).
11
Suppose 0 = t + 4*t - 10. Suppose 6*h - 52 = t*h. What are the prime factors of h?
13
Let f(x) = 2*x**2 - 3*x + 1. Let z be f(2). Suppose 5*g = z*g + 10. Suppose -2*w = -g*w + 9. What are the prime factors of w?
3
Let n = -26 + 49. What are the prime factors of n?
23
Let f(t) = 3 + 2*t - 9 - 5*t**2 + 0*t**3 - t**3 - t**2. What are the prime factors of f(-7)?
29
Suppose -2*v - 764 = -4*y - v, 0 = -v + 4. List the prime factors of (2/(-6))/((-8)/y).
2
Let o = 73 + 52. List the prime factors of o.
5
Suppose 0 = -q - q + 4. Suppose -q*a = -0*s + 4*s + 12, -2*a - 3*s = 11. List the prime factors of 3/(a/(-3) - 1).
3
Let m(s) = -2*s**2 + 0*s**2 - 11 + 3*s**2 + 8*s. Let b be m(-8). What are the prime factors of 1/4 + b/(-4)?
3
Let b(s) = -s**3 - 5*s**2 + 2*s - 5. Let j be b(-5). Let i be (-54)/j - 2/(-5). Suppose 2*u + 5*v + 56 = i*u, 5*u + 3*v = 78. What are the prime factors of u?
2, 3
Let l(b) = 5*b**2 - 2*b - 4. List the prime factors of l(-3).
47
Let p(g) = 4*g**2 - 3*g + 1. Let d be p(4). Suppose d + 112 = 3*n. Suppose 0 = 5*c - 0*c - n. What are the prime factors of c?
11
Suppose 0 = 3*h - 7*h + 464. What are the prime factors of h?
2, 29
Let v(p) = -2*p - 14. Let z be v(-8). Suppose 0*r - z*r - 5*b + 49 = 0, 62 = r - 5*b. List the prime factors of r.
37
Let y(m) = -5*m + 11. List the prime factors of y(-15).
2, 43
Suppose -4*d = 3*j - 461, -3 = -4*d + 5. Suppose 0 = -f + m + 32, 3*f - 5*m = j - 57. What are the prime factors of f?
3, 11
Suppose -4*u + 45 = 5. Let a = u + 0. What are the prime factors of a?
2, 5
Let c = 9 + -9. Let b(o) = -o + 10. What are the prime factors of b(c)?
2, 5
Suppose 0 = 10*q - 11*q + 22. List the prime factors of q.
2, 11
Suppose -t = 5*v - 19, -2*v + 13 = 5*t - 13. Let k = v + 1. What are the prime factors of k?
2
Let k(g) = g**3 - 5*g*